{"id":2757,"date":"2024-09-01T22:49:16","date_gmt":"2024-09-01T20:49:16","guid":{"rendered":"https:\/\/www.odvno.nl\/?page_id=2757"},"modified":"2024-09-08T16:55:20","modified_gmt":"2024-09-08T14:55:20","slug":"bergwandeling-2024","status":"publish","type":"page","link":"https:\/\/www.odvno.nl\/?page_id=2757","title":{"rendered":"Bergwandeling 2024"},"content":{"rendered":"\n<p><\/p>\n\n\n\n<p>De R\u00e4tikon Huttentocht in de Oostenrijkse Alpen.<\/p>\n\n\n\n<p><img loading=\"lazy\" width=\"1920\" height=\"2560\" class=\"wp-image-2433\" style=\"width: 150px;\" src=\"https:\/\/www.odvno.nl\/wp-content\/uploads\/2022\/08\/IMG_0645-scaled.jpg\" alt=\"\" srcset=\"https:\/\/www.odvno.nl\/wp-content\/uploads\/2022\/08\/IMG_0645-scaled.jpg 1920w, https:\/\/www.odvno.nl\/wp-content\/uploads\/2022\/08\/IMG_0645-225x300.jpg 225w, https:\/\/www.odvno.nl\/wp-content\/uploads\/2022\/08\/IMG_0645-768x1024.jpg 768w, https:\/\/www.odvno.nl\/wp-content\/uploads\/2022\/08\/IMG_0645-1152x1536.jpg 1152w, https:\/\/www.odvno.nl\/wp-content\/uploads\/2022\/08\/IMG_0645-1536x2048.jpg 1536w\" sizes=\"(max-width: 1920px) 100vw, 1920px\" \/><\/p>\n\n\n\n<p>Zaterdag: Venlo-Vandans.<\/p>\n\n\n\n<p>Dag 1<br>Vadans (650m) &#8211; Gr\u00fcneck (1892m), Alpengasthof Rellstal (1490m) &#8211; Heinrich-Hueter H\u00fctter (1766m)<br>3\u00bd uur , +1116m<\/p>\n\n\n\n<p>Dag 2<br>Heinrich-Hueter H\u00fctter (1766m) &#8211; Saulajoch (2065m), L\u00fcnersee (1979m) &#8211; Totalph\u00fctte (2381m)<br>4 uur, +790m , -170m<\/p>\n\n\n\n<p>Dag 3<br>Totalph\u00fctte (2381m) &#8211; Verajoch (2330m), Ofapass (2291m) &#8211; Lindauerh\u00fctte (1744m)<br>5\u00bd uur, +490m , -1125m<\/p>\n\n\n\n<p>Dag 4<br>Lindauerh\u00fctte (1744m) &#8211; Drusator (2341m) &#8211; Carschinah\u00fctte (2221m)<br>3 uur, +630m , -140m<\/p>\n\n\n\n<p>Dag 5<br>Carschinah\u00fctte (2221m) &#8211; Gemschtobel, NO-graat, Karrenfeld &#8211; Tilisunah\u00fctte (2208m)<br>5\u00bd uur, +670m , -680m<\/p>\n\n\n\n<p>Dag 6<br>Tilisunah\u00fctte (2208m) &#8211; Schwarzhornsattel (2166m), Alpilaalpe (1688), Vollspora (1215m) &#8211; Tschagguns (687m)<br>4 uur, +80m , -1480m<\/p>\n\n\n\n<p><\/p>\n\n\n\n<p>Dag 7 Vandans-Venlo<\/p>\n\n\n\n<p><\/p>\n\n\n\n<p>Wie in het dal blijft, zal nooit de andere kant van de berg zien.<\/p>\n\n\n\n<p><\/p>\n","protected":false},"excerpt":{"rendered":"<p>De R\u00e4tikon Huttentocht in de Oostenrijkse Alpen. Zaterdag: Venlo-Vandans. Dag 1Vadans (650m) &#8211; Gr\u00fcneck (1892m), Alpengasthof Rellstal (1490m) &#8211; Heinrich-Hueter H\u00fctter (1766m)3\u00bd uur , +1116m Dag 2Heinrich-Hueter H\u00fctter (1766m) &#8211; Saulajoch (2065m), L\u00fcnersee (1979m) &#8211; Totalph\u00fctte (2381m)4 uur, +790m ,&hellip; <\/p>\n","protected":false},"author":1,"featured_media":0,"parent":0,"menu_order":0,"comment_status":"closed","ping_status":"closed","template":"","meta":{"ngg_post_thumbnail":0},"_links":{"self":[{"href":"https:\/\/www.odvno.nl\/index.php?rest_route=\/wp\/v2\/pages\/2757"}],"collection":[{"href":"https:\/\/www.odvno.nl\/index.php?rest_route=\/wp\/v2\/pages"}],"about":[{"href":"https:\/\/www.odvno.nl\/index.php?rest_route=\/wp\/v2\/types\/page"}],"author":[{"embeddable":true,"href":"https:\/\/www.odvno.nl\/index.php?rest_route=\/wp\/v2\/users\/1"}],"replies":[{"embeddable":true,"href":"https:\/\/www.odvno.nl\/index.php?rest_route=%2Fwp%2Fv2%2Fcomments&post=2757"}],"version-history":[{"count":9,"href":"https:\/\/www.odvno.nl\/index.php?rest_route=\/wp\/v2\/pages\/2757\/revisions"}],"predecessor-version":[{"id":2826,"href":"https:\/\/www.odvno.nl\/index.php?rest_route=\/wp\/v2\/pages\/2757\/revisions\/2826"}],"wp:attachment":[{"href":"https:\/\/www.odvno.nl\/index.php?rest_route=%2Fwp%2Fv2%2Fmedia&parent=2757"}],"curies":[{"name":"wp","href":"https:\/\/api.w.org\/{rel}","templated":true}]}}