{"id":2649,"date":"2023-08-16T23:11:41","date_gmt":"2023-08-16T21:11:41","guid":{"rendered":"https:\/\/www.odvno.nl\/?page_id=2649"},"modified":"2023-10-22T19:00:07","modified_gmt":"2023-10-22T17:00:07","slug":"bergwandeling-2023","status":"publish","type":"page","link":"https:\/\/www.odvno.nl\/?page_id=2649","title":{"rendered":"Bergwandeling 2023"},"content":{"rendered":"\n<h2>Karnische alpen: Karnischer H\u00f6henweg 403<\/h2>\n\n\n\n<figure class=\"wp-block-image size-large is-resized\"><a href=\"https:\/\/www.odvno.nl\/wp-content\/uploads\/2023\/10\/20231022-Karnischer-Hohenweg-2023.jpg\"><img loading=\"lazy\" src=\"https:\/\/www.odvno.nl\/wp-content\/uploads\/2023\/10\/20231022-Karnischer-Hohenweg-2023-1024x739.jpg\" alt=\"\" class=\"wp-image-2725\" width=\"839\" height=\"605\" srcset=\"https:\/\/www.odvno.nl\/wp-content\/uploads\/2023\/10\/20231022-Karnischer-Hohenweg-2023-1024x739.jpg 1024w, https:\/\/www.odvno.nl\/wp-content\/uploads\/2023\/10\/20231022-Karnischer-Hohenweg-2023-300x216.jpg 300w, https:\/\/www.odvno.nl\/wp-content\/uploads\/2023\/10\/20231022-Karnischer-Hohenweg-2023-768x554.jpg 768w, https:\/\/www.odvno.nl\/wp-content\/uploads\/2023\/10\/20231022-Karnischer-Hohenweg-2023-1536x1108.jpg 1536w, https:\/\/www.odvno.nl\/wp-content\/uploads\/2023\/10\/20231022-Karnischer-Hohenweg-2023-474x342.jpg 474w, https:\/\/www.odvno.nl\/wp-content\/uploads\/2023\/10\/20231022-Karnischer-Hohenweg-2023.jpg 1681w\" sizes=\"(max-width: 839px) 100vw, 839px\" \/><\/a><\/figure>\n\n\n\n<figure class=\"wp-block-gallery columns-1 is-cropped\"><ul class=\"blocks-gallery-grid\"><li class=\"blocks-gallery-item\"><figure><a href=\"https:\/\/www.odvno.nl\/wp-content\/uploads\/2023\/10\/image00032-scaled.jpeg\"><img loading=\"lazy\" width=\"1024\" height=\"768\" src=\"https:\/\/www.odvno.nl\/wp-content\/uploads\/2023\/10\/image00032-1024x768.jpeg\" alt=\"\" data-id=\"2728\" data-full-url=\"https:\/\/www.odvno.nl\/wp-content\/uploads\/2023\/10\/image00032-scaled.jpeg\" data-link=\"https:\/\/www.odvno.nl\/?attachment_id=2728\" class=\"wp-image-2728\" srcset=\"https:\/\/www.odvno.nl\/wp-content\/uploads\/2023\/10\/image00032-1024x768.jpeg 1024w, https:\/\/www.odvno.nl\/wp-content\/uploads\/2023\/10\/image00032-300x225.jpeg 300w, https:\/\/www.odvno.nl\/wp-content\/uploads\/2023\/10\/image00032-768x576.jpeg 768w, https:\/\/www.odvno.nl\/wp-content\/uploads\/2023\/10\/image00032-1536x1152.jpeg 1536w, https:\/\/www.odvno.nl\/wp-content\/uploads\/2023\/10\/image00032-2048x1536.jpeg 2048w\" sizes=\"(max-width: 1024px) 100vw, 1024px\" \/><\/a><\/figure><\/li><\/ul><\/figure>\n\n\n\n<figure class=\"wp-block-image size-large is-resized\"><a href=\"https:\/\/www.odvno.nl\/wp-content\/uploads\/2023\/10\/Scan_20231022-2-Karnischer-Hohenweg-2023-1-scaled.jpg\"><img loading=\"lazy\" src=\"https:\/\/www.odvno.nl\/wp-content\/uploads\/2023\/10\/Scan_20231022-2-Karnischer-Hohenweg-2023-1-738x1024.jpg\" alt=\"\" class=\"wp-image-2732\" width=\"554\" height=\"768\" srcset=\"https:\/\/www.odvno.nl\/wp-content\/uploads\/2023\/10\/Scan_20231022-2-Karnischer-Hohenweg-2023-1-738x1024.jpg 738w, https:\/\/www.odvno.nl\/wp-content\/uploads\/2023\/10\/Scan_20231022-2-Karnischer-Hohenweg-2023-1-216x300.jpg 216w, https:\/\/www.odvno.nl\/wp-content\/uploads\/2023\/10\/Scan_20231022-2-Karnischer-Hohenweg-2023-1-768x1065.jpg 768w, https:\/\/www.odvno.nl\/wp-content\/uploads\/2023\/10\/Scan_20231022-2-Karnischer-Hohenweg-2023-1-1107x1536.jpg 1107w, https:\/\/www.odvno.nl\/wp-content\/uploads\/2023\/10\/Scan_20231022-2-Karnischer-Hohenweg-2023-1-1476x2048.jpg 1476w, https:\/\/www.odvno.nl\/wp-content\/uploads\/2023\/10\/Scan_20231022-2-Karnischer-Hohenweg-2023-1-scaled.jpg 1846w\" sizes=\"(max-width: 554px) 100vw, 554px\" \/><\/a><\/figure>\n\n\n\n<p class=\"has-text-align-center has-small-font-size\">Zaterdag naar Sillian<br><br>Zondag<br>Etappe 1<\/p>\n\n\n\n<p class=\"has-text-align-center has-small-font-size\">Von Sillian auf die Sillianer H\u00fctte<br>Schwierigkeit schwer Strecke 7,3 km Dauer 4:30 h<\/p>\n\n\n\n<p class=\"has-text-align-center has-small-font-size\">Maandag<br>Etappe 2<\/p>\n\n\n\n<p class=\"has-text-align-center has-small-font-size\">von der Sillianerh\u00fctte zur Obstanserseeh\u00fctte<br>Schwierigkeit leicht Strecke 8,4 km Dauer 3:30 h<\/p>\n\n\n\n<p class=\"has-text-align-center has-small-font-size\">Dinsdag<br>Etappe 3<\/p>\n\n\n\n<p class=\"has-text-align-center has-small-font-size\">Von der Obstanserseeh\u00fctte zur Porzeh\u00fctte<br>Schwierigkeit mittel Strecke 11,3 km Dauer 5:00 h<\/p>\n\n\n\n<p class=\"has-text-align-center has-small-font-size\">Woensdag<br>Etappe 4<\/p>\n\n\n\n<p class=\"has-text-align-center has-small-font-size\">Von der Porzeh\u00fctte zum Hochwei\u00dfsteinhaus<br>Schwierigkeit schwer Strecke 17 km Dauer 7:00 h<\/p>\n\n\n\n<p class=\"has-text-align-center has-small-font-size\">Donderdag<br>Etappe 5<\/p>\n\n\n\n<p class=\"has-text-align-center has-small-font-size\">Vom Hochweisssteinhaus zur Wolayerseeh\u00fctte<br>Schwierigkeit mittel Strecke 13,5 km Dauer 6:00 h<\/p>\n\n\n\n<p class=\"has-text-align-center has-small-font-size\">Vrijdag<br>Etappe 6<\/p>\n\n\n\n<p class=\"has-text-align-center has-small-font-size\">Von der Wolayerseeh\u00fctte \u00fcber das Valentint\u00f6rl zum Pl\u00f6ckenpass<br>Schwierigkeit mittel Strecke 6,8 km Dauer 3:00 h <br><br>Terug naar Sillian<br>Zaterdag Sillian Venlo<\/p>\n","protected":false},"excerpt":{"rendered":"<p>Karnische alpen: Karnischer H\u00f6henweg 403 Zaterdag naar Sillian ZondagEtappe 1 Von Sillian auf die Sillianer H\u00fctteSchwierigkeit schwer Strecke 7,3 km Dauer 4:30 h MaandagEtappe 2 von der Sillianerh\u00fctte zur Obstanserseeh\u00fctteSchwierigkeit leicht Strecke 8,4 km Dauer 3:30 h DinsdagEtappe 3 Von&hellip; <\/p>\n","protected":false},"author":1,"featured_media":0,"parent":0,"menu_order":0,"comment_status":"closed","ping_status":"closed","template":"","meta":{"ngg_post_thumbnail":0},"_links":{"self":[{"href":"https:\/\/www.odvno.nl\/index.php?rest_route=\/wp\/v2\/pages\/2649"}],"collection":[{"href":"https:\/\/www.odvno.nl\/index.php?rest_route=\/wp\/v2\/pages"}],"about":[{"href":"https:\/\/www.odvno.nl\/index.php?rest_route=\/wp\/v2\/types\/page"}],"author":[{"embeddable":true,"href":"https:\/\/www.odvno.nl\/index.php?rest_route=\/wp\/v2\/users\/1"}],"replies":[{"embeddable":true,"href":"https:\/\/www.odvno.nl\/index.php?rest_route=%2Fwp%2Fv2%2Fcomments&post=2649"}],"version-history":[{"count":9,"href":"https:\/\/www.odvno.nl\/index.php?rest_route=\/wp\/v2\/pages\/2649\/revisions"}],"predecessor-version":[{"id":2735,"href":"https:\/\/www.odvno.nl\/index.php?rest_route=\/wp\/v2\/pages\/2649\/revisions\/2735"}],"wp:attachment":[{"href":"https:\/\/www.odvno.nl\/index.php?rest_route=%2Fwp%2Fv2%2Fmedia&parent=2649"}],"curies":[{"name":"wp","href":"https:\/\/api.w.org\/{rel}","templated":true}]}}